11001111101100111
In base 7, what is -3 + -110115161?
-110115164
In base 8, what is 120 + -1357162?
-1357042
In base 16, what is -433d + 1ee?
-414f
In base 6, what is 132 - -2052201?
2052333
In base 13, what is 43a + -437a?
-3c40
In base 13, what is -17c8a80 - 5?
-17c8a85
In base 16, what is -1c + -6fdd2?
-6fdee
In base 2, what is -1000010011111001 + 1000000000?
-1000001011111001
In base 6, what is -12251203 - -5?
-12251154
In base 3, what is 10122212121 - -102002?
10200021200
In base 5, what is -121401010 - 1041?
-121402101
In base 15, what is -4 + 1441644?
1441640
In base 10, what is 12 - 1727829?
-1727817
In base 9, what is -2855 + -13564?
-16530
In base 2, what is -100 - 1101010011101000110001?
-1101010011101000110101
In base 10, what is 17 + -900667?
-900650
In base 14, what is 1 - -2db78536?
2db78537
In base 10, what is -5 - 11285020?
-11285025
In base 14, what is -613a2 + 2d7?
-610a9
In base 7, what is -32132351 + -4?
-32132355
In base 9, what is -250077848 + 5?
-250077843
In base 7, what is -1242366264 - 3?
-1242366300
In base 12, what is 5a1a - 886?
5154
In base 11, what is -5 + 6825a?
68255
In base 13, what is -648907b - -4?
-6489077
In base 2, what is -10 + -1011110011001100000?
-1011110011001100010
In base 7, what is 2115426 + -262?
2115134
In base 9, what is -7852564 - -45?
-7852518
In base 13, what is -13762 - ab2?
-14544
In base 13, what is -406175 - 0?
-406175
In base 2, what is 11100111010110100010101 - -100?
11100111010110100011001
In base 15, what is 2dc649 + d?
2dc657
In base 2, what is -110110110111 + -100110100111?
-1011101011110
In base 7, what is -4 + -1146506345?
-1146506352
In base 11, what is 4 - 1957791?
-1957788
In base 2, what is -10110111110010101101101 - 10?
-10110111110010101101111
In base 2, what is 110011101101111 - -110010101110?
111010000011101
In base 2, what is -1 - 1110000010011000000110101001?
-1110000010011000000110101010
In base 7, what is -26363526 - -1123?
-26362403
In base 7, what is -5 + 661335563?
661335555
In base 7, what is 3 - -633230231?
633230234
In base 9, what is -1532 + -22346?
-23878
In base 16, what is 6bb3 + f19?
7acc
In base 3, what is 12221011012012 + 0?
12221011012012
In base 11, what is 1 - 176112aa7?
-176112aa6
In base 13, what is -3983557 + 4?
-3983553
In base 9, what is -1 + -778548?
-778550
In base 9, what is 180 + 6743?
7033
In base 12, what is -164924a1 - 4?
-164924a5
In base 13, what is 2c519a58 - -2?
2c519a5a
In base 10, what is 4835 + 16453?
21288
In base 13, what is 125a7154 + 1?
125a7155
In base 2, what is 10010100111111110001111 - -1100?
10010100111111110011011
In base 11, what is 5 - -952410?
952415
In base 15, what is -a63 + 3d?
-a25
In base 8, what is -3 - 35103561?
-35103564
In base 15, what is -2c0b6 - -32?
-2c084
In base 2, what is 10010101011010001111110101110 + 1?
10010101011010001111110101111
In base 13, what is -449c + -8c?
-455b
In base 10, what is -78886 + 204?
-78682
In base 3, what is -12220 - -1021000?
1001010
In base 10, what is 329 + 29659?
29988
In base 11, what is 9157851 - 20?
9157831
In base 15, what is aa0 - -1ceeb?
1da9b
In base 4, what is -200202020 + 3003?
-200133011
In base 11, what is 1357a - 210?
1336a
In base 9, what is 1222 - -2862?
4184
In base 11, what is -5 + a2857993?
a2857989
In base 9, what is 1677136 + 56?
1677203
In base 9, what is -2272 - -103184?
100812
In base 15, what is ed1 + -476b?
-378a
In base 7, what is -11126254260 + -3?
-11126254263
In base 16, what is 3 + d4efa8?
d4efab
In base 6, what is -342 - 3201101?
-3201443
In base 15, what is -4 - 108038?
-10803c
In base 2, what is 101010 + -1111101001101111?
-1111101001000101
In base 11, what is 2 + 4564944?
4564946
In base 8, what is -62345566 + -13?
-62345601
In base 5, what is -3102221200330 - 1?
-3102221200331
In base 8, what is 242226445 + -5?
242226440
In base 5, what is 1023121103 + -44?
1023121004
In base 11, what is 80 - 15614a8?
-1561428
In base 12, what is 7551084 - 3?
7551081
In base 10, what is -744 - -49177?
48433
In base 14, what is 42439bd - -d?
42439cc
In base 12, what is -1068709 - 58?
-1068765
In base 5, what is -130 - 41031020?
-41031200
In base 16, what is 8e40 + 331a?
c15a
In base 2, what is 10111111001101001 + -101111100?
10111110011101101
In base 4, what is 2 + -3211211332?
-3211211330
In base 15, what is -c7 + -217?
-2de
In base 7, what is -351 - 50616663?
-50620344
In base 10, what is 4495071 - -9?
4495080
In base 10, what is 12104372 - 4?
12104368
In base 14, what is -3 - -2205b6c?
2205b69
In base 2, what is 10101111110011111010 + 100111?
10101111110100100001
In base 4, what is -200213020 - -330221?
-133222133
In base 6, what is 204455304 - 405?
204454455
In base 9, what is 23 + -681303?
-681270
In base 3, what is 22002122212102110001 - 2?
22002122212102102222
In base 9, what is 33 - -327823?
327856
In base 13, what is -1b4 - -327b6?
32602
In base 11, what is -64876 - -11a?
-64757
In base 3, what is 11 + 111001220002110220?
111001220002111001
In base 9, what is -14567 + 713?
-13754
In base 4, what is 12131302 + 3230023?
22021331
In base 3, what is -2110121101000 - 1102?
-2110121102102
In base 7, what is 6114312 + 42?
6114354
In base 11, what is 59435 + -405?
59030
In base 3, what is 10 + 2011201111122211?
2011201111122221
In base 6, what is -5 + -15121242?
-15121251
In base 2, what is -1011101000011 - 110100000100?
-10010001000111
In base 3, what is 12222021100101 + 21?
12222021100122
In base 4, what is -22020 - 103223302?
-103311322
In base 13, what is 4bc53 - -1211?
50164
In base 3, what is 10101212 - 220101?
2111111
In base 11, what is 1628751 - -9?
162875a
In base 3, what is -1022001221010 + 1000011?
-1022000220222
In base 14, what is -3749 - -d8?
-3651
In base 7, what is 5310 + 41020?
46330
In base 3, what is -1102120012 - -1022212?
-1101020100
In base 10, what is -258125145 - 3?
-258125148
In base 3, what is 1112100220 - 10220211?
1101110002
In base 15, what is 7de - 40deb?
-4060c
In base 13, what is 153 - -519b?
5321
In base 11, what is -165633 + 256?
-165388
In base 10, what is -4926 + 309?
-4617
In base 10, what is 0 - -36199979?
36199979
In base 11, what is -43478502 + -1?
-43478503
In base 12, what is 10476a + 4?
104772
In base 7, what is 11 + -2033550333?
-2033550322
In base 13, what is 4007b13 - 3?
4007b10
In base 13, what is -1ba62 + -136?
-1bb98
In base 12, what is 37bab9 + -47?
37ba72
In base 14, what is 131d4 + -2?
131d2
In base 11, what is 3075590 + -5?
3075586
In base 16, what is -5e38 - -2df?
-5b59
In base 11, what is -256639 - -878?
-255871
In base 11, what is -8 - 78684176?
-78684183
In base 7, what is 314262 - -23?
314315
In base 16, what is 36 + -8ca48?
-8ca12
In base 3, what is -20 + 11200000020?
11200000000
In base 8, what is -7442 + 30321?
20657
In base 14, what is -8 + 19c254?
19c24a
In base 11, what is -17 - 1019a192?
-1019a1a9
In base 5, what is -10130111 + -1220?
-10131331
In base 7, what is 102356052 + -3?
102356046
In base 5, what is 333240 - -2224433?
3113223
In base 15, what is 2101 + -8b8?
1738
In base 5, what is -1300410 + -12403?
-1313313
In base 12, what is a6 - -2a6a?
2b54
In base 12, what is -2286580 - 5?
-2286585
In base 12, what is -8 + -1a8a1?
-1a8a9
In base 4, what is -10 - 122200223203233?
-122200223203303
In base 3, what is -10201102012 - 221020?
-10202100102
In base 8, what is -6111400663 + 2?
-6111400661
In base 15, what is -9a2 - -a58?
a6
In base 12, what is 4a325a + -7?
4a3253
In base 10, what is -68 - -201076?
201008
In base 13, what is -c + -1160c71?
-1160c80
In base 15, what is 1915 + a65?
247a
In base 14, what is b16 + -1645?
-92d
In base 5, what is -2040400 + -124414?
-2220314
In base 13, what is 2a4b23 + 125?
2a4c48
In base 8, what is 0 - 1531407735?
-1531407735
In base 14, what is -26dd - 75?
-2774
In base 16, what is 1c - 1dc01?
-1dbe5
In base 5, what is 21 + 42011210331?
42011210402
In base 3, what is -12 - 10020112020200102?
-10020112020200121
In base 4, what is -23 - 31310202020?
-31310202103
In base 16, what is -f38 + 1f?
-f19
In base 10, what is -739 - -4569?
3830
In base 2, what is -1000100100001000001101 - 11?
-1000100100001000010000
In base 13, what is -1ac18516 + -a?
-1ac18523
In base 5, what is -1112131222001 + 0?
-1112131222001
In base 14, what is 0 - 8c8ba3?
-8c8ba3
In base 3, w